. Calculate p(9).
-44
Let k be (-4)/(-7) + (-20)/(-14). Let l(c) = -82 + c + 46 + 44 + c**k. Suppose 2*h + 2*h = 0. Give l(h).
8
Let v(q) = -q**3 + 6*q**2 + 6*q - 1. Suppose -1 - 272 = 3*t. Let u = t - -122. Suppose 35 = -26*h + u*h. Determine v(h).
-8
Let h(s) = -2*s**2 - 2. Suppose -16*d - 16 = -20*d. Suppose 7*v - 5*y = 4*v + 11, 4*v - 36 = -d*y. Suppose v*l - 6*l = -4, -3*l = 5*k + 2. Determine h(k).
-10
Let d = 88 + 89. Let q = 185 - d. Let l(a) = 3*a**2 - 16*a - 14. Let k(t) = -t**2 + 5*t + 5. Let s(y) = 8*k(y) + 3*l(y). Determine s(q).
-2
Let t(x) = 15*x + 1. Let c = 84 - 66. Suppose -c*d = -10*d - 8. Calculate t(d).
16
Let b(s) = s - 3. Let l be ((-174)/(-3) - -1) + 2. Suppose -q + 36 = 3*j, 5*q - 2*j = 136 + l. Let m = q + -35. Give b(m).
1
Let o(d) be the first derivative of -192*d**2 - 6*d - 155 + 389*d**2 - 198*d**2. Suppose -5*c - 35 = -0*c. Give o(c).
8
Let i(g) = 36*g + 115. Let c be i(-3). Let d(b) = -b**3 + 6*b**2 + 9*b - 22. Calculate d(c).
-8
Let g(h) = 4*h - 2. Let y = 13 + -8. Suppose 5*d - 60 = y*q, 2*q - 2*d + 21 = d. Let b = q + 19. What is g(b)?
14
Let p(n) = n**2 - 10*n + 19. Let b be p(8). Suppose 5*i + 2*h = b*i - 4, i + 2 = -2*h. Let j(v) = 3*v**2 + 3*v + 1. Calculate j(i).
7
Let o(g) = g**3 - 7*g**2 - 8*g + 9. Let v(u) = 167*u - 996. Let i be v(6). Determine o(i).
-75
Let l be 4 + 11 + -4 - 2. Let a(c) = 2*c**2 + l*c**3 + 1845 + c - 1845. Let s = 17 - 18. Give a(s).
-8
Let d(z) be the first derivative of -25*z**2/2 - 12*z + 2696. Determine d(-4).
88
Let f(y) = -2*y + 2. Let u be ((-7)/((-7)/(-5)))/(-1). Suppose 12 = u*o + a, -5*o - 7*a + 6 = -4*a. Determine f(o).
-4
Let x = -5018 - -5043. Let z(w) = -6*w + 152. What is z(x)?
2
Let w = -41 - -52. Suppose -10*j - 61 = -w*j. Suppose -62*z + j*z = -1. Let v(k) = 4*k**3 - 2*k + 1. Give v(z).
3
Let j(r) = -r**3 + r**2 - 8*r - 6. Let b(d) = 508*d + 1013. Let w be b(-2). Calculate j(w).
54
Let v be 2*2/4 + 1. Let b(x) = 2*x + x**2 + 1 + 0*x**v + 2*x. Suppose -14*l + 6197 = 8*l + 6307. Give b(l).
6
Let f(u) = -u**3 - 3*u**2 - 135*u - 403. Let q be f(-3). Let c(b) = b**2 + 9*b - 3. Determine c(q).
19
Let a(l) = l - 1. Let n be a(1). Let z(f) be the second derivative of f**3/6 - 12*f**2 - f - 421. What is z(n)?
-24
Let n = 5745 - 5724. Let m(l) = -l + 23. Calculate m(n).
2
Let v be (-1*(-5 - -6))/1 + 3. Suppose -v*j = 1 - 7. Let l(n) = 2*n**2 - 2*n - 4. Give l(j).
8
Let d(l) = 3*l. Suppose -2*r = -2*w + 15 + 1, 2*w + 3*r - 6 = 0. Let j be (-1)/3*(14 + 1). Let h(n) = 4*n - 1. Let x(p) = j*h(p) + w*d(p). Determine x(5).
-5
Let n(q) = q**2 + 4*q - 5. Let d be 4/(-10) + 119/35. Let t(u) = 37 + 13*u**2 + u**d - 3*u**2 - 32 + 10*u. Let z be t(-9). Determine n(z).
-5
Let r = -20 - -23. Suppose 3*p = -4*f + p + 280, r*f = 4*p + 210. Let a = 70 - f. Let y(m) = -m**3 - m**2 + m - 24. Calculate y(a).
-24
Let j(r) = -14. Let o(t) = t + 122. Let g(l) = -17*j(l) - 2*o(l). Suppose -2*z + 3*z + 6 = 0. What is g(z)?
6
Let l = 27787 + -27809. Let u(w) = -4*w - 74. Determine u(l).
14
Let q(z) = 5559 - 1851 - 1871 - 1880 - 9*z. Give q(-4).
-7
Let z(k) = 4*k**2 + 46*k - 29. Let g be z(-12). Let u(j) be the first derivative of j**4/4 + 5*j**3/3 - 3*j**2/2 - 7*j + 13. Calculate u(g).
8
Let k(s) = -s**3 - s**2 + s + 1. Suppose 2*y + 732 = 250. Let f = 240 + y. Calculate k(f).
0
Let x(t) be the first derivative of -1/3*t**3 + 8*t + 7/2*t**2 - 226. Let z = 5 + 2. What is x(z)?
8
Let q(l) = -l**3 + 4*l**2 - l - 10. Let r(v) = -v**3 + 32*v**2 + 34*v - 29. Let m be r(33). Calculate q(m).
-14
Let l(b) = b**3 + 8*b**2 + 8*b + 9. Let t be l(-7). Suppose 4*c - c + 26 = -t*n, 5*c + 26 = n. Let j(a) = 0 + 90*a - 4 - 3 - a**2 - 49*a - 47*a. What is j(c)?
-7
Let j(t) = -t + 20. Let p be 24 - (-18 + 14 + 18). Determine j(p).
10
Suppose 66 - 164 = -6*k - k. Let i(j) = -j**3 + 14*j**2 + 6*j + 2. Determine i(k).
86
Let q(l) = l**3 - 13*l**2 + 15*l + 64. Let i be q(11). Let x(s) = s**2 + 12*s + 30. What is x(i)?
43
Let p(i) = 5*i - 35. Let z(l) = -l + 4. Let s = 307 + -309. Let a(n) = s*p(n) - 18*z(n). What is a(1)?
6
Let n(u) = 26*u**2 - 3*u + 46. Let v(t) = 15*t**2 - 3*t + 23. Let q(j) = -4*n(j) + 7*v(j). Give q(7).
-37
Let j(i) = 94*i**2 - 3*i + 24. Let r(b) = 131*b**2 - 4*b + 35. Let n(o) = -7*j(o) + 5*r(o). What is n(0)?
7
Let l = 11184 - 11184. Let o(x) be the third derivative of -1/3*x**4 + 43*x**2 + 0*x + 1/6*x**3 + l. Give o(-1).
9
Let p(g) = 5*g - 4 - g + 2. Let c be 13/(468/(-1296)) + 33. Calculate p(c).
-14
Let h(f) = 10*f + 4 - 3*f - 8*f - f**2. Let g(j) = 5*j + 89. Let c be g(-17). Let w be (9/(-15))/(c/20). Determine h(w).
-2
Let u(r) = -1192*r + 1178. Let n be u(1). Let t(k) = 5*k + 64. Give t(n).
-6
Let x(z) = z + 11. Let q(f) = 7*f - 19. Let m(t) = 8*t - 22. Let v(s) = 6*m(s) - 7*q(s). Let k(y) = 4*v(y) - x(y). Determine k(-2).
3
Let f(x) = -7*x - 85. Let p(g) = -g**3 - 14*g**2 + 24*g + 565. Let v be p(-12). What is f(v)?
-8
Let b(y) = y**2 + 2*y + 2. Let c(h) = -3*h - 147. Let v be c(-51). Calculate b(v).
50
Suppose -12*z = -9*z - 18. Suppose z*n = 7*n - 1. Let h(g) = 4 - 7 - 2*g + 2. What is h(n)?
-3
Let u(p) = -p**3 - 3*p**2 + 5*p - 7. Let h = 103 + -92. Suppose -v - 2 = -o - h, 4*v = -5*o - 9. What is u(o)?
18
Suppose -21 = 3*u - 6*u. Let n(q) = q - q + u*q**3 - q**2 - q - 15*q**3. Let b = -75 + 74. What is n(b)?
8
Let g(i) = 5*i**3 + 8*i**2 + 12*i - 343. Let y(s) = -9*s**3 - 14*s**2 - 22*s + 629. Let z(d) = 11*g(d) + 6*y(d). Let a be -6 - (-1 + -2 + 1). Give z(a).
1
Let w(s) = 167913 + s + 29*s**2 - 167913. Determine w(1).
30
Let l(x) = x**3 + 7*x**2 + 35*x + 99. Let u be l(-4). Let a(k) be the third derivative of -k**4/6 + k**3 + 4*k**2. Determine a(u).
-22
Let i(p) = 4*p**3 - 3*p**2 - 5*p + 2. Let n = 5009 + -5006. What is i(n)?
68
Let n be (-3)/5 + 1509/15. Let m = -102 + n. Let q(s) = s**3 + 3*s**2 + s. Calculate q(m).
2
Let n(k) = k**2 + 6*k + 1. Let s(o) = 69 + 19*o**2 - 23*o + 23*o**2 - 41*o**2. Let f be s(19). Calculate n(f).
8
Let f(c) = -123 + 56 + 57 + c**2 + 59 + 18*c. Calculate f(-14).
-7
Let l(d) = -d**3 - 9*d**2 + 11*d - 4. Let i(y) = -3*y - 76. Let v be i(-30). Suppose 16*z = -146 - v. Give l(z).
-14
Let a(u) be the first derivative of 41 + 0*u**3 - 1/4*u**4 - 25*u + 1/2*u**2. Calculate a(0).
-25
Let t(i) = -230*i + 1382. Let z be t(6). Let g(j) = 9*j - 7. Give g(z).
11
Let d(g) = g**3 + 4*g**2 + 4*g + 5. Let f be ((-1660)/(-60))/(2/6). Let w = 40 - f. Let z = w + 39. Determine d(z).
-11
Let j(o) = -8*o**2 + 3*o - 4. Let k(w) = 7*w**2 - 4*w + 4. Let r(v) = 4*j(v) + 5*k(v). Let a(q) = -4*q**2 + 9*q - 3. Let p(d) = -4*a(d) - 5*r(d). What is p(-6)?
4
Suppose -k + 14*v = 20*v + 36, 4*k - 56 = v. Let j(f) = f**3 - 13*f**2 + 13*f - 36. Calculate j(k).
-24
Let q(a) = -4*a**3 + 23*a**2 + 56*a - 91. Let p(m) = -m**3 + 5*m**2 + 14*m - 23. Let h(i) = 11*p(i) - 3*q(i). Determine h(15).
35
Let g(v) = -3*v**3 - 416*v**2 + 2*v**3 + 132 - 68 + 425*v**2 + 26*v - 94. Calculate g(12).
-150
Let l(h) = -2*h - 3. Let m(c) = 8*c + 8. Let y(g) = -3*l(g) - m(g). Calculate y(-9).
19
Suppose -3*o + o - 10 = 5*k, -17 = -o + 3*k. Suppose 31 = -i + o*b, i + 2*b - 20 = -23. Let x(q) = -q - 6. What is x(i)?
5
Let q(s) = 7*s**2 + s - 3. Let j(i) = -i**3 + 61*i**2 - 118*i + 2. Let h be j(59). Give q(h).
27
Let n = -18 - -12. Let u(q) = q + 10596 + 10593 - 21197. Determine u(n).
-14
Let w(a) = -a**3 + 151*a**2 + 1785*a - 491. Let g be w(162). Let n(h) be the third derivative of -h**6/120 - 7*h**5/60 - h**4/4 - h**3 - h**2. Give n(g).
-26
Let j(n) = 38 - 10*n**3 - 22*n**3 + 222*n**2 - 182*n**2 - 40*n + 33*n**3. What is j(-41)?
-3
Suppose -2*y - 4*r + 8 = 0, -26*r + 42 = -3*y - 23*r. Let j(u) = 7*u**2 + 2 - 4*u + u**3 - 2 + 1 + 3. Determine j(y).
-28
Let b = -62 - -33. Let t = b - -22. Let k(m) be the first derivative of -3*m**2/2 - 5*m + 5. Calculate k(t).
16
Let r(p) = p - 1. Let c be (1 + 1 + -1)*3. Suppose 355 - 73 = c*h. Let s = h - 96. Determine r(s).
-3
Let n(d) be the first derivative of -d**3/6 - 3*d + 4. Let z(a) be the first derivative of n(a). Suppose 0*t - 2*t = -3*p - 1, 1 = -4*p + 3*t. What is z(p)?
1
Let c be 5/(-20)*-12*-2. Let i(y) be the first derivative of 2*y**2 + 9*y + 40. Give i(c).
-15
Let v(u) = -11*u**3 + 9*u**2 + 7*u. Let g(x) = 3*x**3 - 3*x**2 - 2*x. Let r(l) = 7*g(l) + 2*v(l). Sup